 293 = -5*x + v, 54 = x - q*v. List the prime factors of x.
59
Let q = -52 - -50. List the prime factors of (q + -146)*1/(-2).
2, 37
Suppose -3*l - 28 = -7*l. Let t = l - 3. Suppose -t*c + 227 = 15. What are the prime factors of c?
53
Let a be (5/2)/((-2)/(-76)). Let z = a - -83. List the prime factors of z.
2, 89
Let r be -3 + (6 - (0 + -1)). Suppose -3*i + i = -r. What are the prime factors of (45/(-6))/(i/(-4))?
3, 5
Let b = -22 + 12. What are the prime factors of (-7)/4*b - 1/2?
17
Suppose 4301 = 4*a - 2567. What are the prime factors of a?
17, 101
Let l be (0 - -1) + -2 + 13. Let r = l - 9. Suppose -r*f + 1 = -8. List the prime factors of f.
3
Let a be ((-92)/120 - (-2)/12)*-10. Let f(m) = -33*m**3 - 2*m - 1. Let t be f(-1). What are the prime factors of (4 - (a - -1)) + t?
31
Let a = -2872 + 5749. List the prime factors of a.
3, 7, 137
Suppose 5*m = -0 - 5. Let p(t) = -t + 47 - 47 - 13*t. What are the prime factors of p(m)?
2, 7
Suppose 2*k + 3*x = 5*k + 3, -4*x + 22 = 5*k. List the prime factors of (k/6)/((-7)/(-903)).
43
Let b be 4/18 - 1435/(-63). Suppose -b - 51 = 2*d. Let j = 64 + d. List the prime factors of j.
3
Let j = -68 + 188. Suppose 4*m - 4 = 0, c + 3*m = -0*m + j. What are the prime factors of c?
3, 13
Suppose 5 = 2*p - 1. Suppose -2*j = -3*j - p*i + 32, 5*j = 3*i + 178. Suppose 5*m - j = 5*l, 3*l - 88 = -5*m - 21. What are the prime factors of m?
11
Let p = -9 - -9. Suppose 0 = -2*y - w + 22, 2*y + 2*y - 4*w - 68 = p. Let z = -6 + y. List the prime factors of z.
7
Suppose -22*p + 1375 = -17*p. Suppose 4*h - p = 5*o, 9 = -3*o - 0. What are the prime factors of h?
5, 13
Suppose -8*q + 210 + 70 = 0. Suppose -98 = -3*m - 2*j + 2, 5*j + q = 2*m. What are the prime factors of m?
2, 3, 5
Let m be 60/(-18)*12/(-10). Let d be m/((-4)/3 + 2). Suppose q - d*q + 95 = 0. What are the prime factors of q?
19
Suppose -18 = -4*n + 2*u + 12, -5*u + 3 = 3*n. Let s be ((-4)/2)/((-3)/n). Suppose k - 3*k + 5*m = -25, -k = s*m + 7. What are the prime factors of k?
5
Suppose 4*h + 5 = 5*j, -3*h - 2*h + 2*j + 15 = 0. Let t(q) = -4*q - 3*q**2 + 16 + h*q - 2*q**2 + 4*q**2. What are the prime factors of t(0)?
2
Suppose -3*s - 1 = 8, -5*s - 1257 = -3*d. Suppose -5*l - n + 521 = 0, 0*n = -4*l + 2*n + d. List the prime factors of l.
2, 13
Suppose -32*j + 34*j - 1346 = 0. What are the prime factors of j?
673
Let j(s) = 2*s - 5*s - 7 + 4*s + 3*s. What are the prime factors of j(7)?
3, 7
Let f(g) = 5*g**2 + 4. Let v(x) = -x**3 + 3*x + 2. Let h be v(-2). What are the prime factors of f(h)?
2, 3, 7
Let m(j) = -4*j - 10. Suppose 3*t + 4 = -8. Let f be m(t). Suppose f*d - 3*d - 177 = 0. List the prime factors of d.
59
Suppose 0 = -4*p - 2*v + 14, -v = -5*p - 0 + 7. Suppose 4*n - 883 = t, -n + 0*n = -p*t - 212. Suppose 10*c = 4*c + n. What are the prime factors of c?
37
Let b(p) = p + 6. Let j be b(-6). Suppose -3*n - u + 38 = j, -u - 34 = -n + 4*u. What are the prime factors of (n/21)/(2/48)?
2
Let d = -662 + 1745. List the prime factors of d.
3, 19
Let f(z) = 15 + 9*z - z - 9*z. Let y be f(12). Suppose -2*n - 13 = -y*n. What are the prime factors of n?
13
Suppose -3*q + 13 = -14. Suppose q*g = 10*g - 28. What are the prime factors of g?
2, 7
Suppose -5*f + 4*v + 14 = 0, v - 4*v - 11 = -4*f. Suppose f*m - 4*m = -118. Suppose 0 = -5*j + 46 + m. List the prime factors of j.
3, 7
Suppose -3823 = -l - 27*u + 22*u, 0 = -2*l + u + 7624. What are the prime factors of l?
3, 31, 41
Suppose -2*n + 6*n = 2536. Suppose n = 2*u + 32. Suppose -5*d + 171 = 2*f + f, -5*f + u = 3*d. What are the prime factors of f?
2, 31
Let c(z) = -z**2 - 3*z. Let b be c(-2). Suppose 0*f + 3*f + b*j = 21, 5*f - 22 = j. Suppose f*r - 60 + 19 = -d, r - d = 7. List the prime factors of r.
2
Let p be -2*(148/(-8) + 2). Suppose -16*r = -19*r - p. Let u = 34 + r. List the prime factors of u.
23
Let d = -2490 - -3757. List the prime factors of d.
7, 181
Let t = 11 - 16. Let z = -1 - t. Suppose -b = -z*f - 6, 2*b - b = -2*f. What are the prime factors of b?
2
Suppose 2*v - i = -2*i + 25, -4*v = -3*i - 65. Let x(y) = y**3 - 14*y**2 - 4*y + 8. Let r be x(v). Let o = -7 - r. What are the prime factors of o?
41
Suppose -m = -67 - 18. Suppose 0 = v - 0*v - 4. Suppose -4*k - 5*s + 60 + m = 0, -v*k = -3*s - 169. What are the prime factors of k?
2, 5
Let k be (-4)/(0 - ((-10)/3)/(-5)). List the prime factors of (-6)/9 - (-220)/k.
2, 3
Let v = -10 - -6. Let c(l) be the first derivative of -5*l**2 - 42. What are the prime factors of c(v)?
2, 5
Let t = 8444 - 5851. What are the prime factors of t?
2593
Let o = 69 - 157. Let g = o + 148. What are the prime factors of g?
2, 3, 5
Let k(b) = -b - 4. Let l be k(-5). Let s = -8 - l. What are the prime factors of (-169)/s + 4/18?
19
Let c(h) = -h**2 - 1. Let x(a) = 8*a**2 - 3*a - 1. Let r(g) = 3*c(g) + x(g). What are the prime factors of r(3)?
2
Let c(b) = -b + 1. Let d be c(3). Let m(g) = 5*g**2 + 2*g - 1. What are the prime factors of m(d)?
3, 5
What are the prime factors of 28*5*((-117)/12)/(-3)?
5, 7, 13
Let z be 4 - 3*(-10)/3. Suppose -10*x + z*x = 988. What are the prime factors of x?
13, 19
Let u(l) = l**3 - 15*l**2 - 16*l - 9. Let z be u(16). List the prime factors of (-790)/(-15) - (-6)/z.
2, 13
Let k(c) = -2*c**3 - 10*c**2 + 36*c + 107. List the prime factors of k(-13).
3, 11, 71
Suppose 4*w = 3*l + 23 + 13, -4*w - l = -52. Suppose -w = 3*u, 2*u + 12 + 24 = q. List the prime factors of q.
2, 7
Suppose -4*u = -3*f - 50, 2*f - 30 = 4*f - u. Let j = 14 + f. Suppose y = j, -5*x + y + 2*y = -180. What are the prime factors of x?
2, 3
Suppose 50 = 5*w - 3*q, 3*w - 2*w - 10 = -2*q. Let y = 11 - w. List the prime factors of 21 - (0/4)/y.
3, 7
Suppose -b + 2 = -0*b. Suppose 0 = b*q - 4 - 182. Let d = -64 + q. What are the prime factors of d?
29
Let d be 0/(-1 - -4 - 1). Let m be d/1 + (-3 - -6). List the prime factors of (-38)/m*(-9)/6.
19
Let y be -12 + (-2 - (-1 - -1)). Let m be (-172)/(-7) - 6/y. Let a = m + 20. What are the prime factors of a?
3, 5
Let w(a) = 4*a**2 - 4*a + 1. Let i = -85 + 80. List the prime factors of w(i).
11
Suppose 6*z - 1 = 5. Suppose -69 = -2*m + z. What are the prime factors of m?
5, 7
Suppose 0 = -10*h + 11*h - 16. Suppose -4*l + h = -0*l. Suppose j - a - 10 = a, -l*j + 3*a = -45. List the prime factors of j.
2, 3
Suppose 0 = -62*u + 28550 + 3380. What are the prime factors of u?
5, 103
Let l(s) = 2*s + 1. Let o be l(1). Suppose 20 = -o*b + 2. List the prime factors of (4/b)/(10/(-870)).
2, 29
Let o(c) = 2*c + 16. Let f be o(-6). Let k be (3 - 4) + f/4. Suppose -5*l + 148 - 18 = k. What are the prime factors of l?
2, 13
Let j(h) = -2*h + 10. Let y be j(5). Suppose y + 12 = 4*s. What are the prime factors of (3 + -3)*1 + s?
3
Let s(x) = 2*x**2 - 6*x - 9. Let n(b) = -b - 4. Let a be n(-10). What are the prime factors of s(a)?
3
Suppose 4*s + 56 - 1 = 5*d, -2*d = -s - 19. Suppose 0 = -5*z + m - 14, 0*m + d = -4*z + 5*m. What are the prime factors of (z/(-5))/(1/85)?
3, 17
Suppose 2*g - 147 = 5*b + 440, 2*g - 591 = b. What are the prime factors of g?
2, 37
Let x be -131*2*(-5)/10. Let h = x - 70. What are the prime factors of h?
61
Let a = -319 + 228. Let d = a + 159. What are the prime factors of d?
2, 17
Suppose -10*z = -1220 - 2590. List the prime factors of z.
3, 127
Suppose 27*h = 25*h + 18. Let a be -74 - (-2)/(6/h). Let q = 128 + a. What are the prime factors of q?
3, 19
Suppose 5*v - 16 = 3*g, -4*v - 2 = 5*g - 0. Suppose v*p = p + 63. List the prime factors of p.
3, 7
Suppose 5*f - 22 = 8. Let r be (-3 - -2)/(1/f). List the prime factors of (r/(-15))/(2/200).
2, 5
Suppose 0 = -o - 3*o - 156. Let h = 34 + -46. Let u = h - o. List the prime factors of u.
3
Let v = 58 - 30. Suppose 2*l - v = -2*l. Suppose -f - f = 4, s + 5*f + l = 0. List the prime factors of s.
3
List the prime factors of ((-7)/2)/(-7) - (-2051)/14.
3, 7
Let d(r) = r**3 - 9*r**2 - 10*r - 8. Let y be d(10). Let j(b) = -b - 3. Let f be j(y). Suppose f*p = 32 + 83. What are the prime factors of p?
23
Suppose -6*x = -2*x - 512. Suppose 4*l + 0*l = x. List the prime factors of l.
2
Let c = 1093 + 389. What are the prime factors of c?
2, 3, 13, 19
Suppose 0*x = -g - 3*x + 70, -68 = -g - 4*x. What are the prime factors of 4/8*g*2?
2, 19
Suppose 4*h + 3*f = -12, -h - 2*f 